0*n = -56, 2*n - 13 = -i. What is the units digit of i?
5
Suppose -3*t = -5*n - 149, -212 = -7*t + 3*t + 4*n. Let o = 36 + t. Suppose -148 = -5*v - 4*s, 3*v + 0*v = -5*s + o. What is the units digit of v?
8
Let l be (428/(-2)*-1 - 2)*1. Let j = l - 39. What is the tens digit of j?
7
Suppose -r = -5*t - 309, 5*t + 782 = 2*r + 159. What is the tens digit of r?
1
Let g(f) = -f**3 - 8*f**2 + 21*f + 14. What is the tens digit of g(-13)?
8
Suppose -5*w - 4*d + 227 = 0, w - 12*d - 55 = -8*d. What is the tens digit of w?
4
Let q be (0 + -12)/(23/(-23)). Suppose -7*a = -q*a + 20. What is the tens digit of 20/80 + 127/a?
3
Let u = 1 - 7. Let n be (u/12)/(1/(-4)). Suppose -n*a = -3 + 1. What is the units digit of a?
1
Suppose 21 = -5*s - 9. Let q(p) = p + 9. Let z be q(s). Suppose -5*u - z*j + 13 = -10, -j = 4. What is the units digit of u?
7
Let g = 49 - 43. Suppose 576 = g*m + 120. What is the tens digit of m?
7
Suppose -2*p = 4*b - 916, 62*b - 60*b + 2230 = 5*p. What is the hundreds digit of p?
4
Suppose 4*r - 5*b - 73 + 23 = 0, 2*b + 41 = 3*r. Suppose -r*p + 18*p = 606. What is the tens digit of p?
0
Let r = 7657 - 4401. What is the thousands digit of r?
3
Let o be (12/8*-2)/(15/170). Let t = 80 - o. What is the tens digit of t?
1
Suppose 4*j + 4*n = 0, 2*j - 1 + 3 = -3*n. Suppose 0*p - 4 = -j*p. Suppose 0 = 4*h - 2*c - 76, -5 - 3 = -p*c. What is the tens digit of h?
2
Let i be ((-1353)/22)/(3/(-8)). Suppose 3*p + p = i. What is the tens digit of p?
4
Let v(b) = -14 - 7 + 2 + 5*b - 2. What is the tens digit of v(7)?
1
Let x(p) = p**2 + 7*p - 17. Let a(c) = 3*c**2 + c - 2. Let l be a(-2). What is the hundreds digit of x(l)?
1
Suppose -29*q - 117845 = -64*q. What is the tens digit of q?
6
Let k = 4 - 5. What is the units digit of (24*k + 2)/((-2)/3)?
3
What is the hundreds digit of 413 - (-3)/(-4)*8?
4
Let p(u) = -u**2 + 26*u - 5. What is the units digit of p(9)?
8
Suppose -3089 = -5*c + 3*f - 6*f, 0 = -3*f + 9. What is the tens digit of c?
1
Suppose 5572 = 5*t + 2*k, -t + 17*k = 16*k - 1120. What is the tens digit of t?
1
Let x(a) = -172*a**3 + 6*a**2 + 3*a + 6. What is the hundreds digit of x(-2)?
4
Let g = -60 - -58. What is the tens digit of g/(-4)*2 - -82?
8
Suppose -6*d + 6 = -6. What is the units digit of d*(27/6 - 0)?
9
Suppose 4*u + 3*t = 14592 - 4101, -3*u - 5*t = -7871. What is the thousands digit of u?
2
Let i be 1 + 34/(-30) - 10761/(-45). Suppose 0 = 5*o - 2*j - i, -5*j - 12 = -2. What is the tens digit of o?
4
Let t(u) = u**2 + u - 8. Let z be t(3). What is the tens digit of z/(-14) + 405/21?
1
Let y = 30 + -23. Suppose 214 = y*a - 80. What is the tens digit of a?
4
What is the hundreds digit of (2072/(-16) - 5)/(2/(-16))?
0
Let v(m) be the second derivative of m**4/12 - m**3 - 16*m**2 + 4*m. What is the tens digit of v(12)?
4
Let x = 540 - 435. What is the units digit of x?
5
Let i = 1044 - -328. What is the hundreds digit of i?
3
Let q = -14 - -10. Let n(v) = 2*v**2 - 4*v - 3. Let d be n(q). Let h = d + -12. What is the tens digit of h?
3
Let o = 422 + -183. Let q = o + -66. What is the hundreds digit of q?
1
What is the units digit of (-8584)/(-24) - ((-40)/12 + 3)?
8
Let d = -32 - -35. Suppose -i + 0*i = -d*b + 116, -78 = -2*b + i. What is the units digit of b?
8
What is the units digit of (-31 - 3)*552/(-16)?
3
Suppose w = 191 - 73. Suppose 5*j - w - 12 = 0. What is the units digit of j?
6
Suppose 4*t - 20 = -4. Suppose 80 - 4 = t*m. What is the tens digit of m?
1
Let s be 0/1 + -3 + 5. What is the units digit of s/(298/98 - 3)?
9
Let n(d) be the second derivative of -13*d**5/20 + d**4/6 - d**3/6 - d**2/2 + 23*d. What is the hundreds digit of n(-2)?
1
Let r = -1185 - -6955. What is the thousands digit of r?
5
Suppose 0 = -u - 4*u - 80. Let v = u + 14. Let d(b) = -4*b**3 - 2*b**2 - 4*b - 3. What is the tens digit of d(v)?
2
Suppose -7*g + 29*g - 1782 = 0. What is the units digit of g?
1
Let t = -85 - -94. What is the units digit of (-620)/(-16) - t/12?
8
Let u(i) = -2*i**2 + 3. Let b be u(4). Let j(l) = -5*l**2 + l + 2. Let c be j(-2). Let z = c - b. What is the units digit of z?
9
What is the hundreds digit of (-1)/((-7)/(-14)) + 998?
9
Let t = -2 - -7. Let p = -422 + 545. Suppose -t*c + p + 52 = 0. What is the units digit of c?
5
Suppose 16*q - 7*q - 22068 = 0. What is the hundreds digit of q?
4
Suppose -31*c + 4110 = -25*c. What is the hundreds digit of c?
6
Let p(h) = 2*h**2 + 3*h**2 + h**3 - 7*h + h**2 + 28 - 27. Suppose 0 = -4*b - 6 - 22. What is the units digit of p(b)?
1
Let p be -2 - (11070/(-20) + 3/2). Let c = p - 383. What is the hundreds digit of c?
1
Let u(z) = z**3 - z - 4*z**2 - 13*z - 7*z**2 + 6. Let s be u(12). Let j = s + 35. What is the units digit of j?
7
Let i = 648 - 37. What is the tens digit of i?
1
Suppose -15*o = -10*o - 220. Let c(z) = z - 2. Let x be c(2). Suppose 4*u = -x*u + o. What is the tens digit of u?
1
Let g(c) = 70*c - 53. What is the thousands digit of g(18)?
1
Suppose 5*c = 25 - 0. Suppose 2*i + 36 = c*i. What is the units digit of i?
2
Let v = 17 + -10. Let m = v - 6. What is the units digit of m?
1
Let w(l) = 10*l**3 - 4*l**2 + 3*l - 2. What is the units digit of w(3)?
1
Let x = -29 + 33. Suppose -2*u - 1060 = -5*y, x*y = -y - 2*u + 1060. What is the hundreds digit of y?
2
What is the hundreds digit of (6698/68)/((-2)/(-16))?
7
Suppose 4*l + 3*d + 1834 = 8*l, -l = -d - 458. Suppose -9*w + 7*w = -l. What is the tens digit of w?
3
Let i = 3400 + -2496. What is the hundreds digit of i?
9
Let d = 2531 + -1505. What is the tens digit of d?
2
Let v(b) = 4*b**3 - 11*b**2 + 13*b + 2. What is the units digit of v(6)?
8
Suppose 13*b - 13611 = 3705. What is the units digit of b?
2
Let c(o) = -2*o + 1 + 5*o - 2*o. Let g(w) = 9*w - 12. Let i(q) = -4*c(q) + g(q). What is the tens digit of i(7)?
1
Let t(d) = d**2 - 9*d - 7. Let o be t(10). Let p = o + 12. Suppose 3*u - 22 = 2*y + p, -5*u + 25 = 4*y. What is the units digit of u?
9
Let i be (-2)/(-11) + 2648/(-44). Let p = i - -105. What is the units digit of p?
5
Suppose 5*j - 6*j = -2. What is the tens digit of (36/(20/(-5)))/(j/(-14))?
6
Let o(t) = -546*t - 103. What is the units digit of o(-7)?
9
Let s(h) = 5*h**3 - h**2 - 5*h + 1. Let n(p) = 14*p**3 - 2*p**2 - 14*p + 2. Let c(x) = 6*n(x) - 17*s(x). Suppose 0*v - 4 = -v. What is the units digit of c(v)?
5
Suppose -4*r = -2*u + 5*u - 4, 2*r - 20 = 3*u. Let a be u/14 - 174/(-21). What is the units digit of 27 - (-3 + a + -2)?
4
Let n(p) = -p**2 + 2*p + 3. Let f be n(3). Suppose 6 = 2*l - f. What is the units digit of l?
3
Let c = 1704 + -765. What is the tens digit of c?
3
Let i(z) = 54*z - 103. What is the units digit of i(9)?
3
What is the tens digit of (-3042)/585*(-635)/2?
5
Let b(u) = 3 + 0*u**2 + u**2 + u + 0 + 4. Let o be b(4). Let q = -16 + o. What is the units digit of q?
1
Suppose -46138 = -17*f - 17*f. What is the hundreds digit of f?
3
Let y(q) = -2*q - 2. Let x be y(-7). Suppose 0*a + x*a = 1668. What is the tens digit of a?
3
Let r(l) = 2*l**3 - 14*l**2 - 22*l + 24. What is the tens digit of r(10)?
0
Suppose 6*g - 4*g + 5*k = 219, 5*g - 5*k - 635 = 0. Suppose l + 27 = g. What is the tens digit of l?
9
Let f = -10 + 10. Suppose -3*r + 1 + 59 = f. What is the tens digit of r?
2
Let m = -10 - -1. Let x = m + 14. Let w = 6 - x. What is the units digit of w?
1
Let q(m) = -m + 13. Let o be q(7). Let i(c) = -48*c + o + 28*c + 21*c. What is the units digit of i(2)?
8
Suppose z + 7 = 4*m - 2*z, -10 = -4*m + 2*z. Let g = 9 + -5. Suppose 3*q - w = 36, g*q - m*w - 67 = -q. What is the tens digit of q?
1
Let y = 21 - 12. Suppose 30 = y*m - 6*m. Suppose -m = -3*n + 17. What is the units digit of n?
9
Let o(n) = 99*n**2 + 5*n + 5. What is the hundreds digit of o(-3)?
8
Let r be (-5)/((-7 - -4)/3). Suppose -x - 550 = -5*a, -r*a + 4*x = 33 - 583. What is the tens digit of a?
1
Let f be 0/2 - (-20 + -3). Let n = f - 19. Suppose 2*s - 3*o = -2*s + 34, -n*s + 42 = o. What is the units digit of s?
0
Let j(n) = 171*n**2 + 3*n + 3. Let o be j(-1). Let v = o - 115. What is the tens digit of v?
5
Suppose -4*w + 2*k = -1324, w - 325 = -2*k + 4*k. What is the hundreds digit of w?
3
Suppose 0 = -2*l - 5 - 1. Let f be 7/(28/(-12)) - l. Suppose f - 14 = -2*q + 3*w, -4 = -q + 3*w. What is the tens digit of q?
1
Let x(